{"id":11870,"date":"2021-05-12T04:36:37","date_gmt":"2021-05-12T03:36:37","guid":{"rendered":"https:\/\/www.gavias-theme.com\/wp\/inusti\/?page_id=11870"},"modified":"2022-03-07T15:54:43","modified_gmt":"2022-03-07T14:54:43","slug":"enduits-tererraco","status":"publish","type":"page","link":"https:\/\/batifix-dz.com\/index.php\/services\/enduits-tererraco\/","title":{"rendered":"Enduits TERERRACO"},"content":{"rendered":"\n<h1 class=\"wp-block-heading\"><b><i>TERRACO<\/i><\/b><\/h1>\n\n\n\n<p><b><i>TERRACO la marque su\u00e9doise des mat\u00e9riaux de finitions continue \u00e0 \u00e9largir sa gamme de produits .<\/i><\/b><\/p>\n\n\n\n<p><b><i>HANDYCOAST EZ-JOINT 5KG \/25KG<\/i><\/b><\/p>\n\n\n\n<p><b><i>HANDYCOAST INTERIEUR 5KG\/25KG<\/i><\/b><\/p>\n\n\n\n<figure class=\"wp-block-image\"><img loading=\"lazy\" decoding=\"async\" width=\"230\" height=\"150\" src=\"https:\/\/batifix-dz.com\/wp-content\/uploads\/2022\/03\/230x150_crop.jpg\" alt=\"\" class=\"wp-image-13391\"\/><\/figure>\n\n\n\n<p><b><i>HANDYCOAST EZ-JOINT 5KG \/25KG<\/i><\/b><\/p>\n\n\n\n<p><b><i>HANDYCOAST INTERIEUR 5KG\/25KG<\/i><\/b><\/p>\n","protected":false},"excerpt":{"rendered":"<p>TERRACO TERRACO la marque su\u00e9doise des mat\u00e9riaux de finitions continue \u00e0 \u00e9largir sa gamme de produits . HANDYCOAST EZ-JOINT 5KG \/25KG HANDYCOAST INTERIEUR 5KG\/25KG HANDYCOAST EZ-JOINT 5KG \/25KG HANDYCOAST INTERIEUR [&hellip;]<\/p>\n","protected":false},"author":1,"featured_media":0,"parent":3124,"menu_order":0,"comment_status":"closed","ping_status":"closed","template":"","meta":{"footnotes":""},"class_list":["post-11870","page","type-page","status-publish","hentry"],"_links":{"self":[{"href":"https:\/\/batifix-dz.com\/index.php\/wp-json\/wp\/v2\/pages\/11870","targetHints":{"allow":["GET"]}}],"collection":[{"href":"https:\/\/batifix-dz.com\/index.php\/wp-json\/wp\/v2\/pages"}],"about":[{"href":"https:\/\/batifix-dz.com\/index.php\/wp-json\/wp\/v2\/types\/page"}],"author":[{"embeddable":true,"href":"https:\/\/batifix-dz.com\/index.php\/wp-json\/wp\/v2\/users\/1"}],"replies":[{"embeddable":true,"href":"https:\/\/batifix-dz.com\/index.php\/wp-json\/wp\/v2\/comments?post=11870"}],"version-history":[{"count":5,"href":"https:\/\/batifix-dz.com\/index.php\/wp-json\/wp\/v2\/pages\/11870\/revisions"}],"predecessor-version":[{"id":13534,"href":"https:\/\/batifix-dz.com\/index.php\/wp-json\/wp\/v2\/pages\/11870\/revisions\/13534"}],"up":[{"embeddable":true,"href":"https:\/\/batifix-dz.com\/index.php\/wp-json\/wp\/v2\/pages\/3124"}],"wp:attachment":[{"href":"https:\/\/batifix-dz.com\/index.php\/wp-json\/wp\/v2\/media?parent=11870"}],"curies":[{"name":"wp","href":"https:\/\/api.w.org\/{rel}","templated":true}]}}